7*z. List the prime factors of s(-1).
3
Suppose -4*p + 11 = 3. Suppose -p*k - 26 = -2*n, -3*k = -n + 2*n - 21. What are the prime factors of n?
3, 5
Let p = -3 + 6. Let b = -1 + p. What are the prime factors of b?
2
Let o(y) = 6*y + 5. Let u be o(8). Let r = u - 31. List the prime factors of r.
2, 11
Suppose d = 3*d - 174. Suppose 3*c - 9 = -d. List the prime factors of c/(-7) + (-4)/(-14).
2
Suppose -4*z + 5 + 11 = 0. Suppose -2*g = 3*t + z, 0 = t + 6*g - g + 10. Suppose -u + m + 10 = t, -5*u - m + 40 = -4*m. What are the prime factors of u?
5
Suppose 33 - 1 = 4*x. Suppose x = -4*a + 2*a. Let l = 14 + a. List the prime factors of l.
2, 5
Suppose -2*z - 5*k = -560, -2*z + 5*k = 3*z - 1330. List the prime factors of z.
2, 3, 5
Suppose 28 = -3*o - 194. Let u = -53 - o. List the prime factors of u.
3, 7
Let x be (-656)/(-12)*(-6)/(-4). Suppose 4*o = 4 + 4, 5*m - 4*o - x = 0. List the prime factors of m.
2, 3
List the prime factors of (-246)/(-4)*(-2)/(-3).
41
Let f(x) = 2*x**2 - 2*x - 1. Let a = -7 + 10. List the prime factors of f(a).
11
Suppose 3*b = 4*b - 20. Let f = -11 + b. What are the prime factors of f?
3
Suppose 0 = -d - 4*b + b + 8, -2*b + 24 = -4*d. Let u be 4/(-8) - 2/d. Suppose 15 - 1 = 3*m + 4*v, u = 4*m + 3*v - 14. List the prime factors of m.
2
Let a(d) = -3 + 3*d**2 - 9*d**2 - 2 - d**3 - 9*d. What are the prime factors of a(-6)?
7
Suppose -4*x + 44 = 2*w, 5*x + 26 = 6*w - 4*w. What are the prime factors of w?
2, 3
Let q = 2 + -6. Let t(j) = 6*j**3 - 12*j**2 - 2. Let p(w) = 5*w**3 - 11*w**2 - 1. Let n(h) = q*t(h) + 5*p(h). What are the prime factors of n(7)?
3
Suppose -57 = -5*t + 43. Suppose -v - 2*v + 5*q - t = 0, 0 = v + q - 4. Suppose 3*r - 4*w - 38 - 38 = v, 5*r = -2*w + 92. List the prime factors of r.
2, 5
Suppose -r - 4 = -3*r. Let z = r - -12. What are the prime factors of z?
2, 7
Let r(z) be the second derivative of z**4/12 + 2*z**2 + 4*z. List the prime factors of r(4).
2, 5
Let z(k) = -k**2 - 14*k - 7. What are the prime factors of z(-12)?
17
Let z(i) = -i**3 - 6*i**2 + 4*i - 4. List the prime factors of z(-7).
17
Let a(d) be the first derivative of d**3/3 - 3*d**2/2 + 4*d + 2. Let h be a(-3). Suppose -2 = -4*g + h. List the prime factors of g.
2, 3
Let p(h) = -h + 12. Let b be p(9). What are the prime factors of (-5)/b*(-14 + 2)?
2, 5
Let r = -41 - -190. What are the prime factors of r?
149
Let z(x) be the third derivative of -x**6/120 + x**5/12 + x**4/6 - x**3 - 4*x**2. What are the prime factors of z(5)?
2, 7
Suppose -2*x + 4*r + 12 = 0, 6 + 6 = 4*x + 4*r. Suppose -v = -0*v. Suppose -x*s - 2*m = 3 - 29, v = -3*s - 5*m + 9. What are the prime factors of s?
2
Let t(w) = 3*w + 5. List the prime factors of t(9).
2
Let r be (12/(-20))/((-1)/15). What are the prime factors of (15/r)/((-1)/(-3))?
5
Let b(j) = j**3 - 7*j**2 + 6*j + 5. Suppose -2*x + 8 + 4 = 0. List the prime factors of b(x).
5
Suppose 13*o - 9 = 10*o. Suppose -l - 98 = -5*r + 61, 0 = o*r + 3*l - 81. List the prime factors of r.
31
Let n(a) = a**3 + a. Let o be n(0). List the prime factors of (-16)/(o + -1) - 1.
3, 5
Suppose -19 = -5*i - 4*y, 3 = 2*i + 3*y + 1. Suppose 31 = 4*b + 3*x, -22 = -3*b - 5*x - i. List the prime factors of b.
2, 5
Let t(i) = i**2 + 9*i - 10. Let x be t(-10). Let w be 1*(-1 - (-2 + x)). Let g(l) = 8*l**2 + l. What are the prime factors of g(w)?
3
Suppose -4*i = -4*f + 12, -i + 0*i = 3*f - 5. Let n be 1*(1/(-1) - -3). What are the prime factors of (0/n + -2)/i?
2
What are the prime factors of (-33 - -2)/(11/(-22))?
2, 31
Suppose -2*i + 176 = 22. What are the prime factors of i?
7, 11
Let i be -1*2/(6/(-15)). Suppose -i*w = -0*w - 70. List the prime factors of w.
2, 7
Let o = 16 + -14. Let w(t) = 2*t + 1. Let r be w(3). Suppose r = -o*s + 3*s. What are the prime factors of s?
7
Let j(l) = 2*l + 7. Let p be j(-8). Let q be p/(-6) - (-2)/(-4). Suppose -k = q, -3*r + 4*k = -8*r + 36. List the prime factors of r.
2
List the prime factors of ((-396)/(-27))/(4/54).
2, 3, 11
Let w(g) = -21*g + 1. Let i be w(1). Let q = -4 - i. What are the prime factors of q?
2
Let i = 15 - 13. Suppose i*n - 50 = 12. What are the prime factors of n?
31
Suppose -2*a + 8 = -94. What are the prime factors of a?
3, 17
Let z be 2 + 2 + -2 - -78. Let o = 53 - z. Let a = -15 - o. List the prime factors of a.
2, 3
Suppose -2*p + 4*p = 0. Suppose -5*m - 20 + 100 = p. Suppose -z - 3*b = -15, -b - 3*b = -m. List the prime factors of z.
3
Let b = 4 - 13. Let c = 10 + -2. List the prime factors of (-6)/b*36/c.
3
Let d(u) be the third derivative of 7*u**4/24 + 5*u**3/6 + 8*u**2. What are the prime factors of d(4)?
3, 11
Let l(o) = -o**3 + o**2 + o + 4. Let u be l(0). Let j be (2/u)/(5/30). Suppose -j*v - 6 = -21. What are the prime factors of v?
5
Suppose -2 = 3*m - 11. Suppose -i + m*v - 63 = -4*i, -2*i = -3*v - 37. What are the prime factors of i?
2, 5
Let l be ((-4)/12)/(2/(-12)). Suppose l*n - 23 = -1. List the prime factors of n.
11
Suppose -a - 8 = -2*y, 5*a - 4*a = y - 7. What are the prime factors of (4/a)/(4/(-12))?
2
Suppose -f = -0*f. Suppose -98 = -5*q + 2*v, -3*q - v + 4*v + 57 = f. List the prime factors of q.
2, 5
What are the prime factors of 57/(2/(140/15))?
2, 7, 19
Suppose -2*b + 100 = -294. List the prime factors of b.
197
Let r be (3*1)/(15/(-10)). Let w(f) = 3*f**2 + f - 1. What are the prime factors of w(r)?
3
Let b = 4 + -15. Let h = b - -19. What are the prime factors of h?
2
Suppose 2*g - 16*g + 4242 = 0. List the prime factors of g.
3, 101
Let g(t) = t**3 - 2*t**2 - 2. Let m be g(2). What are the prime factors of m*2/4 + 10?
3
Let u = 6 - 5. Suppose -2*g + 1 + u = 0. Suppose -g - 7 = -z. What are the prime factors of z?
2
Let y = -299 - -575. List the prime factors of y.
2, 3, 23
Let w = 13 - 30. Let c = 21 - w. List the prime factors of c.
2, 19
Suppose 2*m - 4*z - 2 = 0, 17 = 3*m + 5*z - 4*z. What are the prime factors of m?
5
Suppose -k + 60 + 50 = 0. What are the prime factors of k?
2, 5, 11
Let w(a) = a**2 - 13*a + 1. List the prime factors of w(14).
3, 5
Let m(i) = -i**2 + 1. Let n be m(1). What are the prime factors of 10 + n + (-2 - 1)?
7
Suppose 2*j + 173 = h + 4*h, 119 = 3*h - 5*j. List the prime factors of h.
3, 11
Let t = 53 + 0. What are the prime factors of t?
53
Let z be (12/10)/(3/40). Let s = 18 - z. List the prime factors of s.
2
Let u be (4 - 7)/(1/4). Let t = 38 - 19. Let p = u + t. What are the prime factors of p?
7
Let d be (-3)/(-1)*1 - 1. Let r be 1/(2/d) + 1. Suppose -3*o = -2*o - r. List the prime factors of o.
2
Let c(j) = j**2 - 7*j + 9. List the prime factors of c(6).
3
Suppose f + 4 = -2*g, -2*f = -5*f. What are the prime factors of (-49)/g - 2/4?
2, 3
Let p(v) = 2*v**2 + 2*v. Suppose 0 = -5*n - 3 + 13. Let x be p(n). List the prime factors of 3/x - (-31)/4.
2
Let s = -28 + 13. Let k = -8 - s. List the prime factors of k.
7
Suppose 6*o - 15 = 2*l + o, -4*o + 12 = 5*l. Suppose 5 = -5*p, p = -l*c + c - 9. What are the prime factors of c?
2
Let l(d) = d - 6. Let n = 25 + -14. List the prime factors of l(n).
5
Let x = 31 + 20. Let c = -23 + x. What are the prime factors of c?
2, 7
Suppose -15 = -5*q, p + 6 = -0*q + 2*q. Let b(f) = -f + 27. What are the prime factors of b(p)?
3
Let f = 162 - 83. What are the prime factors of f?
79
Suppose 2*t + 0*t - 28 = 0. Let v be (-10)/(-10)*-3*1. Let x = t + v. What are the prime factors of x?
11
Let k be 23 + 8/4 - -2. Let z = -7 + k. List the prime factors of z.
2, 5
Suppose -2*w = -2*c + 5 - 21, 0 = 3*w + 3*c + 6. Let d be 30/20 - (-26)/4. Suppose -q + w = -d. List the prime factors of q.
11
Let q be (30/(-9) - -3)*-12. Suppose -f + 7 = -0*s - s, -q*f - s + 38 = 0. List the prime factors of f.
3
Suppose 4*o + 5*y = 3*o + 27, y - 13 = -4*o. Let s(j) = -o*j - 4 + j + 2*j - 2*j. What are the prime factors of s(-6)?
2
Let a = -5 + 2. What are the prime factors of ((-16)/(-10))/(a/(-15))?
2
Let n(x) = -1 - 2 - 3*x + 4*x - 1. Let u be (7/3)/((-3)/(-9)). What are the prime factors of n(u)?
3
Let l be (5/20)/(1/4). List the prime factors of (l/(-1)*10)/(-2).
5
Let w = 66 + -31. What are the prime factors of w?
5, 7
Let g(r) = r - 9. Let d(i) be the third derivative of i**4/24 - 2*i**3/3 + 2*i**2. Let s(w) = 7*d(w) - 3*g(w). List the prime factors of s(1).
3
Let y(g) = 8*g**2 - g - 15